0
Let o = 542 + -552. Let d(b) = b**3 + 10*b**2 - 3. What is d(o)?
-3
Let z(k) = -3*k**2 - 15*k. Let p(y) = 2*y**2 + 2*y + 2*y + 4*y - y. Let f(g) = 13*p(g) + 6*z(g). Give f(1).
9
Let j = -339 + 336. Let q(m) be the first derivative of -m**4/4 - 4*m**3/3 + 3*m - 2. Determine q(j).
-6
Let s(t) be the first derivative of t**4/4 - t**2/2 - 18*t - 2. Suppose 3*k = -3*g + 12, -5*g = -3*k + 2 - 22. Calculate s(k).
-18
Let u(l) = 18*l**2 + 3*l - 5. Let q(m) = -18*m**2 - 4*m + 6. Let b(h) = -6*q(h) - 7*u(h). Give b(1).
-16
Let p(x) = -x**3 - 7*x**2 + 3*x. Let s(h) = -7*h**2. Let n be s(1). Give p(n).
-21
Let n(s) = -s - 17. Let u(q) = -q - 14. Let c(t) = -4*n(t) + 5*u(t). Calculate c(5).
-7
Suppose -2*q + 4 + 4 = 0. Suppose -3*s + 6 = -5*s, 24 = 2*h - q*s. Let g(z) be the third derivative of z**4/24 - 2*z**3/3 + 2*z**2. Determine g(h).
2
Let f(b) = -29*b**2 + 5*b**2 + b + 27 + 23*b**2. Calculate f(0).
27
Suppose -2*l = -5*j + 6, -j - 2*l = 2*j + 6. Suppose j*z + 3*z - 9 = 0. Let v(t) = -t**2 + 2*t - 2. Calculate v(z).
-5
Let f be 0 - 49/(-14) - (-6)/(-12). Let o(u) = -3*u**3 + 5*u**2 + 7*u + 1. Calculate o(f).
-14
Let b(f) = f**2 + 2*f - 3. Suppose 11*y + 17 = 3*t + 15*y, 0 = -2*t - y + 8. Determine b(t).
12
Suppose 5*w = -15, 79 + 14 = 3*t - w. Suppose 10 = -4*b + t. Let r(l) = -50*l**2 - l**3 + 54*l**2 + 26*l + 3 - 23*l. What is r(b)?
-7
Let d(n) = -n**2 - 4*n + 5. Let b(p) = p + 2. Let u(f) = f**2 - 7*f + 3. Let s be u(6). Let m be b(s). Let j be 4 + -1 + (m - 8). Determine d(j).
-7
Let w be (-4 + 1)*12/(-4). Let p(g) be the first derivative of g**2/2 - 9*g + 1253. What is p(w)?
0
Let i(m) = m**3 - m**2 + 2*m. Let z(c) = c**3 - c**2 - 4. Let w be z(0). Let y be (w - -2) + -1 + -10. Let h = 15 + y. Give i(h).
8
Let w(g) = g**2 - 4*g + 4. Suppose 3*v - 14 - 34 = 0. Suppose v = 5*j - 9. Suppose j*a - 3 = 17. Give w(a).
4
Let f(y) = 36*y - 76*y - 4 + 39*y. Let h be (-1 - (-27)/33) + 4/22. Calculate f(h).
-4
Let m be (-1 - 0)/(9/27). Let b(j) be the third derivative of -1/2*j**3 - 5/24*j**4 + 0*j + 2*j**2 - 1/30*j**5 + 0. Calculate b(m).
-6
Let r(y) = 8 - 10*y + 0 - 1 - 6. Determine r(-1).
11
Let x(i) = i**2 + 4*i + 3. Let j be 0 + 3 + (-2 - 2). Let y be (j + 0)/(5/20). Give x(y).
3
Let l be -2*(7/2 + -1). Let f be l*1*(-1 + 2). Let d(x) be the first derivative of x**4/4 + 2*x**3 + 2*x**2 - 3*x - 119. What is d(f)?
2
Let m(r) = -r**3 - 6*r**2 + r + 4. Let h(j) = j + 5. Let d be h(-5). Let b be 0 - (-3)/9 - (-111)/(-9). Let n be 13/(26/b) + d. What is m(n)?
-2
Suppose -w - 5*v - 9 = 0, 5 - 1 = -v. Suppose -u = -w - 0. Suppose -2*t = -r - 11 + 2, -4*r - u = -3*t. Let i(h) = h**2 - 7*h + 5. What is i(t)?
-5
Suppose 12*o - 2 = -74. Let g(q) = -q**2 + 2*q + 5. What is g(o)?
-43
Let i = -14 - -3. Let n be 10/6 + i/(-33). Suppose -z - z = n. Let o(r) = 4*r**3 + r**2 - 1. Calculate o(z).
-4
Suppose 5*z + 4 = 4*z, 4*p - 4*z = 24. Let l(k) = -2*k**2 - 3 + 3*k**2 - 4*k + p + k. Calculate l(4).
3
Suppose -12 = 2*t - 4*t. Let v(j) = 6*j - 2. Let r(x) = 7*x - 8. Let y(d) = -7*d + 7. Let b(f) = 6*r(f) + 7*y(f). Let w(h) = 3*b(h) + 4*v(h). Determine w(t).
13
Let x(b) = -b**2 - b + 4. Let m(w) be the first derivative of -w**3/3 - 7*w**2/2 + 10*w - 7. Let z be m(-8). Let t = -2 + z. Determine x(t).
4
Let u be (-972)/(-54)*(-1)/2. Let h(t) = -3*t**2 - 26*t + 6. What is h(u)?
-3
Let d(j) = 9*j - 5. Let w(q) = 4*q - 2. Let u(v) = 3*d(v) - 5*w(v). Let h be u(2). Let b be (-48)/9*h/(-12). Let m(p) = -2*p - 2. Give m(b).
-10
Let m be 14 + -6 - (1 + -1). Let q(u) = u - 27. Give q(m).
-19
Suppose -s + 0 - 1 = -c, -1 = s - 3*c. Let v(f) be the first derivative of 3*f**4/2 + f**3/3 - f**2/2 - f + 4. Calculate v(s).
-5
Suppose 68 = 5*k - 12. Let a(q) = -2*q + 23*q**3 - k*q**3 + 0*q**2 - 1 + 0*q**2. Let m(x) = -x**2 - x + 1. Let p be m(-2). Determine a(p).
-6
Suppose 1319 - 1259 = -15*t. Let i(h) = -2*h**2 + 0*h**2 - 3*h + 3 + 0. Determine i(t).
-17
Let o = 1 - 3. Let p(x) = -928*x**2 + 4 - 5 + 1851*x**2 - 925*x**2 - 2*x. What is p(o)?
-5
Let s(o) = 11*o**3 + 52*o**2 + 47*o + 48. Let m(u) = 7*u**3 + 34*u**2 + 31*u + 32. Let b(w) = -8*m(w) + 5*s(w). What is b(-11)?
6
Let s(i) = 5*i**3 - 5*i**2 + 2*i - 3. Let l(v) = -14*v**3 + 15*v**2 - 6*v + 9. Let w(t) = -4*l(t) - 11*s(t). Determine w(4).
-11
Let w = 695 - 704. Let p(m) = m + 1. Give p(w).
-8
Let v(l) be the first derivative of l**3/3 + 9*l**2 + 35*l - 402. Give v(-16).
3
Let x(d) = d**3 + 13*d**2 - 12*d + 28. Suppose -9*n - 48 - 78 = 0. Determine x(n).
0
Suppose 0 = 5*u + 2*w - 6, -16*u = -20*u - 2*w + 4. Let t(h) = -5*h**3 + 3*h**2 - 3*h. What is t(u)?
-34
Suppose 7*f + 7 = -0. Let b(z) = 9*z**2 + 2*z + 1. Give b(f).
8
Let v(w) = 0*w**2 + 6*w**3 - 5*w**3 + 7 - w - 5*w**2. Let h = -35 + 25. Let b be ((-15)/h + (-15)/6)*-5. Give v(b).
2
Suppose 3*y - 6 = -0. Let a(q) = q**3 - 4*q**2 - 4*q - 1. Let x be a(5). Let u(s) = -x + 1 + 3 - y*s. Calculate u(-3).
6
Let q(g) = -3*g + 4*g + g**2 - 2*g - 2. Suppose -2*f - 4*t + 16 = 0, -t = -6 + 1. Give q(f).
4
Let p(a) = 2*a**3 + 4*a**2 - 2*a - 5. Let u(f) = -f**3 - 5*f**2 + 3*f + 4. Let t(n) = -2*p(n) - 3*u(n). Suppose 2528*h = 2551*h - 138. Give t(h).
4
Suppose 4*t = 107 - 99. Let d(v) = -2*v - 3*v**t + 124 - v**3 + 8*v**2 - 118. Give d(5).
-4
Let h(b) = 2*b + 2. Let x = 375 - 378. Determine h(x).
-4
Let c be (-26)/(-3) + (-32)/48. Let h = c + -4. Let x(o) = 4 + 2*o**2 - o**2 - 3*o - o. What is x(h)?
4
Let p(d) = -2*d - 33. Suppose -25*b - 25*b - 600 = 0. What is p(b)?
-9
Let d = -39 + 42. Let a(w) = -w**3 - 5*w**2 + 6*w - 3. Let f(o) = o**3 - o. Let c(q) = -a(q) - 2*f(q). Determine c(d).
9
Let v(s) be the second derivative of 38*s - 1/4*s**4 + 1/3*s**3 + 0 + 1/2*s**2. Let n be (-3 + 2)*(-1 + 2). What is v(n)?
-4
Suppose -42 = -4*i + i. Suppose g - 2*c + 1 = 0, -3*c = -4*g - 4*c + i. Let t(s) = s**2 + s + 1. Calculate t(g).
13
Let x(o) be the third derivative of 0 + 0*o**3 + 2*o**2 - 3/40*o**5 - 5/24*o**4 + 0*o + 1/720*o**6. Let q(a) be the second derivative of x(a). What is q(6)?
-3
Suppose -4*o + 1 - 13 = 0. Let f be 0/((o + 5)*1). Let m(c) = -c - 4*c + f + 2. What is m(2)?
-8
Let l(g) be the first derivative of -5*g**4/12 - 2*g - 2. Let s(x) be the first derivative of l(x). Calculate s(-1).
-5
Let t be 1 + -1 + (-3)/(-1). Let s(p) = -2*p. Let g(m) = -m - 5. Let l(w) = g(w) - s(w). Give l(t).
-2
Let r(a) = -10 + 4*a - 22*a**2 + 31*a**2 - a**2 - 9*a**2. Calculate r(2).
-6
Let t(g) = g**3 - 10*g**2 - 2*g + 98. Let m be t(9). Let k(i) = -36*i**3 + i**2. Give k(m).
37
Suppose 3*f - 3*n - 29 - 55 = 0, 2*f - 58 = 4*n. Let d(c) = c**3 - 27*c**2 - c + 35. Calculate d(f).
8
Let o(d) = -3*d + 4. Let u be o(5). Let v(p) = -4*p - 442. Let s(q) = -q - 100. Let r(i) = 9*s(i) - 2*v(i). What is r(u)?
-5
Suppose -353 + 308 = 15*w. Let k(s) = s**2 + 3*s + 5. Give k(w).
5
Let c be (-1 - (-4)/(-3))/(17/(-51)). Let a(h) = 13*h - 23. Let j(r) = 9*r - 16. Let o(w) = c*j(w) - 5*a(w). Give o(2).
-1
Let m(h) = -3 - 29*h + 7*h**2 + 58*h - 31*h. Give m(-2).
29
Let k(d) = d + 5. Suppose 41 - 45 = 2*u. What is k(u)?
3
Suppose -2*c = -y - 5, -2*c + 113 - 103 = 4*y. Let d(h) = 16*h**3 + h**2 - 2*h + 1. What is d(y)?
16
Suppose -5*h = -2*g - h, -2*h = g + 8. Let v(c) = -6*c + 7. Let k(w) = w - 1. Let s(z) = 4*k(z) + v(z). Give s(g).
11
Let c(y) = -y + 3. Let a = -278 + 289. Determine c(a).
-8
Let f(p) = p + 8. Let q(i) = -i**2 + 7*i - 1. Let l(w) = -3*w**2 + 21*w - 4. Let j(r) = -6*l(r) + 17*q(r). Let d be j(5). Let o be -6 - 0 - 6/d. Determine f(o).
4
Let k(y) = -y**2 - 8*y + 1. Let w(f) = -21*f**2 + 166*f + 8. Let d be w(8). Calculate k(d).
1
Let d(b) = -4 - 2*b + 7 + 7 + 1. Give d(5).
1
Let w(m) = m**2 - m. Let f(i) = i**3 + i**2 - 4*i + 3. Let o be f(0). Determine w(o).
6
Let l(d) = 2*d**3 + 3*d. Let o(p) = -p**3 + p**2 - 3*p. Let s(h) = -2*l(h) - 3*o(h). Suppose 14 = -2*m + 2*n, 10*n - 3 = 9*n. Calculate s(m).
4
Let t(h) = 2*h - 4. Let m = 49 + -73. Let n be m/(-5)*(-210)/(-63). Let p = n - 9. Determine t(p).
10
Let g(j) be the first derivative of -j**4/4 + j**3/3 - j**2/2 - 8*j + 119. Let i(h) = -h + 1. Let f be i(1). What is g(f)?
-8
Suppose 31 = f + 5*n, 2*f = -n - 4*n + 42. Let y(a) = -a + 8. Calculate y(f).
-3
Suppose -v + 48 = v. Suppose 3*b + v = -0. Let d(f) = 2*f + 10. Let p be d(b). Let m(w) = -w**3 - 6